e 13, what is 187 + -2?
185
In base 3, what is 12 - 12?
0
In base 12, what is 4a9 - 5?
4a4
In base 12, what is -9 + -27?
-34
In base 13, what is -1146 + 4?
-1142
In base 15, what is -78 + -4?
-7c
In base 5, what is -100 + -3?
-103
In base 6, what is -350 + -125?
-515
In base 7, what is -14053 + 1?
-14052
In base 16, what is 2 + 3f6?
3f8
In base 7, what is 1 + -434?
-433
In base 13, what is 3 - 287?
-284
In base 15, what is 5 - 819?
-814
In base 10, what is -4 - 1264?
-1268
In base 14, what is 1 + -b5?
-b4
In base 8, what is -3 - -1157?
1154
In base 11, what is -62 + 12?
-50
In base 11, what is -10 + -8?
-18
In base 9, what is 8 + -1?
7
In base 12, what is 0 + 6?
6
In base 9, what is -67 - -112?
34
In base 16, what is 0 + 130?
130
In base 11, what is 2 - -4?
6
In base 3, what is 20 - 2020?
-2000
In base 15, what is 2 + 37?
39
In base 14, what is -2 + -2c?
-30
In base 10, what is 642 - 4?
638
In base 12, what is 9946 - -5?
994b
In base 9, what is 8 - -86?
105
In base 6, what is 4 - -4111?
4115
In base 9, what is -1 - 8861?
-8862
In base 11, what is -4 + a18?
a14
In base 11, what is -519 - 5?
-523
In base 15, what is 5 + 35b?
361
In base 7, what is 3 - -154?
160
In base 5, what is 1 - 143332?
-143331
In base 7, what is -3 + -231?
-234
In base 11, what is 223 - -6?
229
In base 13, what is 1722 - -3?
1725
In base 10, what is 70 + -1?
69
In base 10, what is 0 + -15?
-15
In base 13, what is -32 + 41?
c
In base 5, what is 3 - -213?
221
In base 12, what is -22 + 1?
-21
In base 14, what is 5 + -16b0?
-16a9
In base 12, what is 1 - -293?
294
In base 13, what is 4 - -108?
10c
In base 13, what is -2a9 + -7?
-2b3
In base 14, what is -d9 + 0?
-d9
In base 13, what is 5bc - 29?
593
In base 3, what is 120202100 - -12?
120202112
In base 12, what is 6 + -90?
-86
In base 11, what is -1647 - -3?
-1644
In base 2, what is 10 + 1100110110?
1100111000
In base 11, what is -121 + 32?
-9a
In base 13, what is -104 - -1?
-103
In base 11, what is 1 - 5aa?
-5a9
In base 12, what is 5ab + -2?
5a9
In base 13, what is -b3c + 3?
-b39
In base 8, what is -2 + 1101?
1077
In base 11, what is 11a - 5?
115
In base 15, what is 3 - 3c?
-39
In base 9, what is -4 - -156?
152
In base 6, what is -1104 + 110?
-554
In base 13, what is -4a - 207?
-254
In base 6, what is 30 - -31?
101
In base 6, what is -4321 + -5?
-4330
In base 13, what is 9 + 1a?
26
In base 4, what is -3 + 1001?
332
In base 2, what is 10101011000011 - -101?
10101011001000
In base 13, what is 0 - -20a?
20a
In base 6, what is -3 + -1414?
-1421
In base 9, what is 1 + 481?
482
In base 2, what is 1001100101 + 0?
1001100101
In base 12, what is 21 + 10?
31
In base 7, what is 25 + -6?
16
In base 10, what is 7084 - -5?
7089
In base 10, what is -11432 - 2?
-11434
In base 11, what is 17 - 7?
10
In base 4, what is -330 - -1?
-323
In base 7, what is -240 - -2?
-235
In base 13, what is 106 + -2?
104
In base 16, what is -a + 490?
486
In base 11, what is -5 + 116?
111
In base 12, what is -4 + -b?
-13
In base 11, what is a42 + 12?
a54
In base 15, what is 60 + 5?
65
In base 2, what is -1000010 + -111?
-1001001
In base 9, what is -52 - -205?
143
In base 12, what is 38 + -2a?
a
In base 10, what is 9 - -19?
28
In base 8, what is 172 + 7?
201
In base 2, what is -1000101 + -1000111?
-10001100
In base 9, what is 10 - -2662?
2672
In base 8, what is 1014 + 0?
1014
In base 2, what is 10010110010 + -101?
10010101101
In base 5, what is 11212 - 4?
11203
In base 8, what is 1 - -1333?
1334
In base 3, what is -1 + 1001001?
1001000
In base 5, what is -12 - 12024?
-12041
In base 13, what is -41 + -4?
-45
In base 3, what is -10201 + -1?
-10202
In base 10, what is 480 + -3?
477
In base 3, what is -10221 + -12?
-11010
In base 15, what is -1 + 182?
181
In base 4, what is 211 - 21?
130
In base 15, what is 1 - 10a?
-109
In base 16, what is -6b - -3?
-68
In base 11, what is 5 - -560?
565
In base 11, what is 81 - -381?
452
In base 15, what is 375 + 9?
37e
In base 3, what is 20000 + -11?
12212
In base 12, what is 1 + 2a9?
2aa
In base 5, what is 3303 + 0?
3303
In base 7, what is 5 - 533?
-525
In base 5, what is -13 - -111?
43
In base 11, what is -5 - 221?
-226
In base 14, what is -27 - 3?
-2a
In base 9, what is 74 + -150?
-65
In base 14, what is 1c + -28?
-a
In base 10, what is -57 - 4?
-61
In base 11, what is -3 - -5763?
5760
In base 4, what is 31 - 131?
-100
In base 2, what is -10001100001 + -10?
-10001100011
In base 14, what is 2d + -2d1?
-2a2
In base 3, what is -2022 - 0?
-2022
In base 4, what is 312 - -31?
1003
In base 6, what is -2 + -1041?
-1043
In base 14, what is 5 + -11?
-a
In base 9, what is -140 + 2?
-137
In base 3, what is 11 + 200220?
201001
In base 3, what is 10 - 1200?
-1120
In base 8, what is -16 + 102?
64
In base 12, what is b - 110?
-101
In base 10, what is 2 + -78?
-76
In base 8, what is 227 + 1?
230
In base 10, what is -40 + 240?
200
In base 11, what is -a54 - 1?
-a55
In base 11, what is 22 - -4a?
71
In base 14, what is -5aa3 - 4?
-5aa7
In base 2, what is 1 + -11001111?
-11001110
In base 4, what is -13132 + 0?
-13132
In base 15, what is -5dc - 5?
-5e2
In base 4, what is 1032 + -10?
1022
In base 16, what is -11 + -91?
-a2
In base 8, what is 6662 - 5?
6655
In base 5, what is 1100 - 2?
1043
In base 3, what is 2202022 + -2?
2202020
In base 11, what is -1704 + 2?
-1702
In base 6, what is -21 - -2044?
2023
In base 12, what is 713 - 5?
70a
In base 9, what is 4345 - 5?
4340
In base 5, what is -4 + 120?
111
In base 7, what is -6 - 4164?
-4203
In base 10, what is 19 - 1?
18
In base 15, what is -3 - -101?
ed
In base 15, what is 0 + -178?
-178
In base 16, what is -432 - -4?
-42e
In base 10, what is 1 + -133?
-132
In base 3, what is -11100001 + 2?
-11022222
In base 14, what is 5 - 13c?
-137
In base 4, what is 11 - -31020?
31031
In base 8, what is -173 + -1?
-174
In base 7, what is 106 + -125?
-16
In base 4, what is -11 - 101210?
-101221
In base 16, what is 3 - 0?
3
In base 3, what is 120 - 1121?
-1001
In base 5, what is 4 - 41?
-32
In base 14, what is -4 - 111?
-115
In base 12, what is 2b - -37?
66
In base 9, what is 16 - 0?
16
In base 5, what is 20 - -112?
132
In base 2, what is -1001111 + 1100?
-1000011
In base 7, what is 2 - -5156?
5161
In base 6, what is 20 - 33?
-13
In base 3, what is -11122 + 2001?
-2121
In base 12, what is ab - -4?
b3
In base 3, what is 12011 + 11?
12022
In base 3, what is 1000 - 1001?
-1
In base 8, what is 0 + 2145?
2145
In base 13, what is 3 - -520?
523
In base 13, what is 1 + -153?
-152
In base 8, what is 2 + -51?
-47
In base 16, what is 5 + -5cc?
-5c7
In base 13, what is -40 + -36?
-76
In base 5, what is -144 + -10?
-204
In base 9, what is 2 - -351?
353
In base 15, what is -813 + -1?
-814
In base 6, what is -332 + -5?
-341
In base 7, what is -2213 - 5?
-2221
In base 4, what is -10 + 3001?
2331
In base 14, what is 68 - -61?
c9
In base 5, what is -302 + 3?
-244
In base 4, what is 33 + 1?
100
In base 2, what is -1001110001111 - -100?
-1001110001011
In base 4, what is 2333 - -33?
3032
In base 4, what is 10 + -2120?
-2110
In base 8, what is -17 - 1?
-20
In base 14, what is 2 - -758?
75a
In base 11, what is 5 - 3?
2
In base 3, what is 10121110 - 0?
10121110
In base 13, what is a235 - 5?
a230
In base 15, what is -2 + -30?
-32
In base 5, what is -320 + 10?
-310
In base 9, what is -35 + 23?
-12
In base 11, what is 1 + 103?
104
In base 12, what is 83 + 10?
93
In base 2, what is -1100 + 101?
-111
In base 10, what is 47 + 3?
50
In base 4, what is 2 - -101321?
101323
In base 14, what is 4 - -1933?
1937
In base 13, what is 2a6 - 0?
2a6
In base 7, what is 22 + -5?
14
In base 12, what is 838 + -25?
813
In base 10, what is 3 + 488?
491
In base 4, what is 1021 + 23?
1110
In base 9, what is 4 - 221?
-216
In base 4, what is 1112 + -333?
113
In base 7, what is -5 - 104?
-112
In base 15, what is 16 - -c7?
dd
In base 10, what is -39 + -50?
-89
In base 12, what is 209 + -6?
203
In base 3, what is 1212 + 221?
2210
In base 5, what is -22 + 100?
23
In base 10, what is 91 + 7?
98
In base 4, what is 3 - -1021?
1030
In base 3, what is 1111121 - -11?
1111202
In base 9, what is -33 + 5?
-27
In base 9, what is 5 + 15?
21
In base 4, what is 222 + 2?
230
In base 12, what is 0 - -1399?
1399
In base 15, what is a + 16?
21
In base 7, what is 3 + 222?
225
In base 14, wha